{"id":432,"date":"2021-04-20T14:29:40","date_gmt":"2021-04-20T14:29:40","guid":{"rendered":"https:\/\/side-step.it\/?page_id=432"},"modified":"2021-04-20T14:29:40","modified_gmt":"2021-04-20T14:29:40","slug":"donna-romagnola","status":"publish","type":"page","link":"https:\/\/www.side-step.it\/?page_id=432","title":{"rendered":"Donna romagnola"},"content":{"rendered":"<p class=\"_04xlpA direction-ltr align-center para-style-body\" style=\"text-align: center;\"><span class=\"JsGRdQ\">La donna esprime delle unicit\u00e0 che l\u2019uomo difficilmente potr\u00e0 colmare. Il ruolo di mamma, di educatrice, la femminilit\u00e0 e il romanticismo, la tenacia nel perseguire gli obiettivi, la parte forte nelle difficolt\u00e0 e nella malattia.<\/span><\/p>\n<p><img loading=\"lazy\" decoding=\"async\" class=\"size-medium wp-image-433 aligncenter\" src=\"https:\/\/side-step.it\/wp-content\/uploads\/2021\/04\/donna-identita-600x600.png\" alt=\"\" width=\"600\" height=\"600\" \/><\/p>\n","protected":false},"excerpt":{"rendered":"<p>La donna esprime delle unicit\u00e0 che l\u2019uomo difficilmente potr\u00e0 colmare. Il ruolo di mamma, di educatrice, la femminilit\u00e0 e il romanticismo, la tenacia nel perseguire gli obiettivi, la parte forte nelle difficolt\u00e0 e nella malattia.<\/p>\n","protected":false},"author":1,"featured_media":0,"parent":0,"menu_order":0,"comment_status":"closed","ping_status":"closed","template":"","meta":{"footnotes":""},"class_list":["post-432","page","type-page","status-publish","hentry"],"_links":{"self":[{"href":"https:\/\/www.side-step.it\/index.php?rest_route=\/wp\/v2\/pages\/432","targetHints":{"allow":["GET"]}}],"collection":[{"href":"https:\/\/www.side-step.it\/index.php?rest_route=\/wp\/v2\/pages"}],"about":[{"href":"https:\/\/www.side-step.it\/index.php?rest_route=\/wp\/v2\/types\/page"}],"author":[{"embeddable":true,"href":"https:\/\/www.side-step.it\/index.php?rest_route=\/wp\/v2\/users\/1"}],"replies":[{"embeddable":true,"href":"https:\/\/www.side-step.it\/index.php?rest_route=%2Fwp%2Fv2%2Fcomments&post=432"}],"version-history":[{"count":0,"href":"https:\/\/www.side-step.it\/index.php?rest_route=\/wp\/v2\/pages\/432\/revisions"}],"wp:attachment":[{"href":"https:\/\/www.side-step.it\/index.php?rest_route=%2Fwp%2Fv2%2Fmedia&parent=432"}],"curies":[{"name":"wp","href":"https:\/\/api.w.org\/{rel}","templated":true}]}}